5 = -1578*i + 1583*i. Calculate the highest common divisor of 483 and i.
21
Let y(i) = -3*i**2 + 26*i + 213. Let u be y(-5). Suppose -3*b = -0*b - 3. Calculate the greatest common factor of u and b.
1
Suppose -5*m + 122 + 35 = 3*f, -3*m + 5*f = -101. Calculate the highest common factor of m and 96.
32
Let z be 91 + -88 + 0 + 1586 + -2. What is the highest common divisor of 138 and z?
69
Let w be 34/(-8) + 5 - 1/(-4). Let d be (-12 + 29)*(2 + (1 - w)). Calculate the greatest common factor of d and 85.
17
Let g be (48/7)/((-6)/(-21)). What is the greatest common factor of g and 84?
12
Let l = -23 - -23. Let o be l + (-4 - 72/(-2)). Calculate the greatest common factor of 160 and o.
32
Suppose 2*o - j - 29 = -9, j = 4. Let c = -17 - -41. Calculate the greatest common divisor of c and o.
12
Suppose 31*k - 35*k = -20. Suppose -4*r = 3*u + k, -5*r + 0*r - 4 = 3*u. What is the highest common divisor of r and 9?
1
Suppose -4*o + 30 = 2*d, 115 = 5*d + 5*o + 40. Let p(v) = 2*v + 1. Let j be p(1). Calculate the greatest common divisor of d and j.
3
Suppose -4*x - 8 = 0, -5*d + 7*x + 64 = 10*x. What is the greatest common divisor of d and 119?
7
Let o = 506 - 380. What is the greatest common divisor of 90 and o?
18
Let o(c) = -c**2 + 12*c + 22. Let p be o(12). Let b = p - -26. Calculate the highest common divisor of 6 and b.
6
Let o(c) = -c + 13. Suppose 6 = -3*q - 6. Let d be o(q). Calculate the greatest common divisor of d and 85.
17
Let p = 27 - 24. Suppose p*y = -y + 12. Calculate the highest common divisor of 3 and y.
3
Let j = -17 - -59. Let w = -151 + 157. Calculate the highest common divisor of w and j.
6
Suppose 9*g + 4908 = 2046. Let r be (-6)/(-4)*g/(-9). What is the highest common divisor of 212 and r?
53
Let i(o) = 51*o - 608. Let w be i(17). Calculate the greatest common divisor of 222 and w.
37
Let o = 1158 + -810. Calculate the greatest common factor of o and 36.
12
Let y = 9 + -4. Let h = -31 + 29. Let u be h/6 - (896/(-24))/7. Calculate the greatest common factor of u and y.
5
Suppose 46*y - 75*y + 522 = 0. What is the greatest common divisor of 144 and y?
18
Let g = -81 + 85. Calculate the greatest common divisor of g and 116.
4
Suppose -15 + 25 = -2*f. Let q be (-1 - 1) + (-71 - -1)/f. Calculate the greatest common divisor of 96 and q.
12
Let s be (0 - 2)/(-1 - 1). Suppose -n + 3*w - 2 = 0, -n + 16*w = 14*w + 1. What is the highest common divisor of s and n?
1
Suppose -2*u - 66 + 18 = 2*p, 2*p + 4*u = -54. Let s = p + 53. Let q be (0 + 1)/((-2)/(-32)). What is the greatest common divisor of s and q?
16
Let l = -652 + 1356. What is the greatest common factor of 11 and l?
11
Let f(d) = -d**2 - 36*d - 143. Let x be f(-31). Calculate the greatest common divisor of x and 78.
6
Let w = -8 - -21. Let b(x) = x**3 - x**2 + 6*x + 3. Let t be b(3). What is the highest common factor of w and t?
13
Suppose -5*u + 38 = d, -d + 170 = 4*d + 5*u. Suppose -s = s + 38. Let h = s + d. What is the highest common factor of 28 and h?
14
Let j(t) = -114*t. Let k be j(-1). Suppose 51*b = 202 + 53. Let n = k + b. What is the greatest common factor of n and 17?
17
Let k(y) = 17*y + 349. Let m be k(-5). What is the greatest common factor of 168 and m?
24
Let p = -8 + 12. Suppose 0*l + p*l = 0. Suppose -2*s = 3*a - 7*s - 182, l = -2*a + s + 112. Calculate the highest common divisor of 18 and a.
18
Let g be ((-2205)/28)/7*-4. Calculate the greatest common divisor of 35 and g.
5
Let y = -1753 + 2089. Calculate the highest common factor of y and 36.
12
Suppose -g + 1 = -4. Suppose g*d - 15 = 2*i, 3*d + 2*d = 4*i + 25. Calculate the greatest common factor of 27 and d.
1
Let p = 209 - 171. What is the highest common factor of p and 2?
2
Suppose 1 - 6 = -y. Suppose -2*g - y*t + 49 = 0, 4*t + 84 = 3*g + g. Let w be (-2)/4*(0 - g). Calculate the highest common factor of w and 44.
11
Let b be 352/(-48) + 2/6. Let h(r) = r**2 + 8*r + 5. Let p be h(b). Let w be 54/6*(p - -7). Calculate the highest common divisor of w and 18.
9
Suppose -336 = -3*y + 2*x - 35, -95 = -y - 2*x. Suppose 4*p = -5*w + 9 + 8, -25 = -5*w. Let f be (18/5)/(p/(-5)). What is the highest common factor of f and y?
9
Suppose 590 = 3*d + 4*h + 306, -h - 304 = -3*d. What is the greatest common divisor of 1150 and d?
50
Let j be (5 - (4 + -3))*(-3)/(-3). Let t be (j - (0 - 40))/1. Suppose 0 = -0*f + 2*f - 22. What is the highest common factor of t and f?
11
Let j = -15 - -16. Let o be j + 1 + 0/(-3). Suppose -r - 3*f + 107 = 2*f, 0 = -o*r - 2*f + 222. What is the greatest common divisor of 14 and r?
14
Suppose -37*i + 36*i + 3 = 0. What is the highest common divisor of i and 249?
3
Let k(r) = r**3 + 2*r**2 + 8*r - 83. Let x be k(9). Calculate the highest common divisor of 16 and x.
16
Let g = -36 + 38. Suppose -g*x + 9 + 3 = 0. Calculate the greatest common factor of x and 54.
6
Let g be (-10)/(-1)*(-42)/(-10). Let j be (g/70)/((-1)/15). Let d be (-66)/j - (-2)/(-6). Calculate the greatest common divisor of d and 1.
1
Let x = -639 + 725. What is the greatest common divisor of x and 602?
86
Let k(c) = -c**3 + 31*c**2 - 19*c - 175. Let u be k(30). Calculate the greatest common factor of 5 and u.
5
Let u = -814 + 1406. Calculate the greatest common factor of u and 74.
74
Let j = -53 - -113. Let i be ((-1)/(-2))/((-3604)/(-720) + -5). Calculate the highest common divisor of j and i.
30
Let v(f) = 58*f + 742. Let w be v(-10). What is the highest common factor of w and 1053?
81
Suppose 2*k = -5*b - 43, b + 0*k + 23 = -4*k. Let o(h) = h**2 - 2*h**2 + 0*h**2 + 1 - 6 - 10*h. Let c be o(b). What is the greatest common factor of 4 and c?
4
Let v = 599 - 291. What is the highest common divisor of v and 88?
44
Suppose -7*b + 32 = -9*b. Let l be (-40)/b - (-3)/2. Suppose l*a + 3*t = 383, -3*a - t = -5*t - 306. What is the highest common factor of 14 and a?
14
Suppose 726*s - 731*s + 195 = 0. Calculate the highest common factor of s and 312.
39
Let v(g) = 3*g**2 + 6*g - 11. Let w(s) = s + 1. Let z be w(-9). Let t be v(z). Let m = 67 - 48. What is the greatest common divisor of m and t?
19
Suppose 18*j - 9*j - 1224 = 0. What is the greatest common divisor of j and 40?
8
Let m(d) be the third derivative of -d**5/60 - 7*d**4/8 + d**3/3 + 11*d**2. Let g be m(-18). Calculate the highest common divisor of g and 8.
8
Let w be (-6 - -3*(-12)/(-9)) + 93. What is the greatest common factor of w and 338?
13
Let j = 933 - 902. Calculate the highest common factor of j and 248.
31
Suppose 11*f - 10*f = 62. Suppose -4*g - f = -322. Let q be 2/(-6) + 80/6. What is the highest common divisor of q and g?
13
Let d(k) = -k**2 - 16*k - 56. Let l be d(-10). What is the highest common factor of 104 and l?
4
Let p(g) = 4*g**3 - 12*g**2 + 17*g - 34. Let w be p(4). Calculate the greatest common divisor of 448 and w.
14
Suppose 18 = 2*d + s, 5*s + 53 = 3*d - 0*s. Let h = d - -13. Calculate the highest common factor of h and 12.
12
Let k = -214 + 233. What is the greatest common factor of 57 and k?
19
Suppose -45*s + 1550 = -20*s. What is the greatest common divisor of s and 403?
31
Let u be 41/2 + 2 - 10/20. Let k be (u/4)/(-3 - (-75)/24). What is the highest common factor of 11 and k?
11
Suppose 6*i - 2*i = 12. Let d = 325 + -322. What is the greatest common factor of i and d?
3
Let f(r) = 2*r - 7. Let c be f(8). Let o(w) = 3*w**3 + 115*w**2 + 38*w + 33. Let j be o(-38). What is the highest common divisor of c and j?
3
Suppose 5*p - 31 = -2*b, 5*p - 71 = -5*b + 44. Let i be 219/(4 + -1) + -3. What is the greatest common factor of b and i?
14
Let t be (-2721)/(-9) + 4 + (-8)/24. What is the highest common factor of 408 and t?
102
Let r be -142*(126/(-4))/9. Let i = -244 + r. Let h be (-2)/(-2)*(21 + 2). Calculate the highest common factor of h and i.
23
Let p = -189 + 243. What is the greatest common divisor of p and 96?
6
Suppose -3*f = 5*z + 580 - 1834, -5*f = -2*z - 2059. What is the greatest common divisor of 21 and f?
7
Let m(f) = -2 - 5*f - f**2 + 3*f + f + 67. Let r be m(0). What is the greatest common divisor of r and 13?
13
Let h(y) = y + 3. Let m = -1 - -1. Let s be h(m). Let c(b) = -13*b + 171. Let w be c(12). What is the greatest common factor of w and s?
3
Let z be 5*-6*6/(-5). Suppose -2*v - 5*q + 39 = 0, -3*q = 10*v - 6*v - 113. S